et g = h + -15. Let r = 47 - g. List the prime factors of r.
2, 3
Let p(k) = k**3 + 14*k**2 + 15*k + 2. Let r be p(-11). Suppose -3*g + 3*t - 165 - 435 = 0, 0 = -g + 3*t - r. Let s = -136 - g. List the prime factors of s.
2
Suppose -5*s - 435 = -10*s. Let p = 245 + s. Let t = -176 + p. List the prime factors of t.
2, 3, 13
Let h(g) = 7*g + 21. Let b(y) = -y**2 + 2*y - 1. Let z be b(3). Let k be h(z). Let v(r) = 5*r**2 + 4*r + 45. What are the prime factors of v(k)?
2, 131
Suppose b = 5*p + 1258, -3*b - 3*p + 3774 = 2*p. Suppose 0 = 5*d, -2*d = -t - 3*d + b. What are the prime factors of t?
2, 17, 37
Let w be (2*11)/((-14896)/1864 + 8). Suppose 4*q = -7*a + 6*a + 505, 0 = 5*a + q - w. What are the prime factors of a?
3, 19
Let i = 17388 - 9210. What are the prime factors of i?
2, 3, 29, 47
Let b be (-37)/(703/(-304))*166/4. Suppose -3*f + 4*n = -n - b, -4*n + 864 = 4*f. List the prime factors of f.
2, 109
Let d(k) = 27*k**2 + 43*k - 1164. List the prime factors of d(21).
2, 3, 647
Let s(g) be the third derivative of -g**4/8 + 11*g**3/6 - 15*g**2. Let d be s(4). List the prime factors of 72 + 2 + 1*(0 + d).
73
Suppose -3*u - 2*u = 0, -5*z = -3*u. Suppose 0 = l - m - 37, z*l - 2*l + 68 = m. Let x = 49 + l. List the prime factors of x.
2, 3, 7
Let o(q) be the second derivative of -5*q**3/6 - 5*q**2/2 + 10*q. Let b be o(-1). Suppose -3*t + 3*p + 84 = b, 0*t - 19 = -t - 2*p. List the prime factors of t.
5
Let r(v) = -v**2 + 37*v - 126. Let x be r(4). Suppose -3*l = -0*l. Suppose z = x - l. What are the prime factors of z?
2, 3
Let y = 609 + -605. Suppose 3*t + 2616 = 2*o + y*t, 0 = t - 4. List the prime factors of o.
2, 653
Suppose 6*i = 1980 + 64920. What are the prime factors of i?
2, 5, 223
Let o be -24*2/(-16)*3. What are the prime factors of (1 + -137)/((-1)/(o/6))?
2, 3, 17
Let v(q) be the second derivative of 10*q**3/3 - 7*q**2/2 + 122*q. What are the prime factors of v(1)?
13
Let p(z) = -z**2 + 14*z + 8. Let o(t) = -t**2 + 6*t + 13. Let l be o(6). Let m be p(l). Suppose m*j = 22*j - 82. What are the prime factors of j?
2, 41
Let h = -751 + 1647. What are the prime factors of h?
2, 7
Suppose 2*u = 6, 0*r - 3*u = r. List the prime factors of ((-105)/6)/(r/414).
5, 7, 23
Suppose -60*c + 702712 = 141892. What are the prime factors of c?
13, 719
Suppose 11*f = 15*f + 224. Let i = 6 - f. Suppose -86 - i = -g. What are the prime factors of g?
2, 37
Suppose -l + 7 - 12 = 0, -5*u + 3*l = -35. Suppose 6451 = 5*v - u*t, 0 = -3*v - 8*t + 5*t + 3849. What are the prime factors of v?
3, 11, 13
List the prime factors of 9778/(-6)*(-2 + 1 + (-2)/1).
4889
Suppose 19 - 9 = 2*v. Suppose -5*d = v*r - 5, 5 = 3*d + 8. Suppose 3*y - r*a = -5*a + 204, 2*y = 3*a + 161. List the prime factors of y.
73
Let p(x) = -2*x**3 + 3*x**2 + 2*x + 10967. What are the prime factors of p(0)?
11, 997
Suppose 273 = -y + 1391. Suppose 912*d - y = 910*d. List the prime factors of d.
13, 43
Suppose 5*k + 31*k = 108. Suppose -2*d - 234 = -3*d. Suppose 0 = 4*o - 2*n - d - 56, -5*o + k*n + 363 = 0. List the prime factors of o.
2, 3
Let f(z) = -427*z - 17. Let j be f(-11). Suppose -3*c = -18*c + j. What are the prime factors of c?
2, 3, 13
Let y = -183 - -107. List the prime factors of (-7233)/(-9) - y/57.
5, 7, 23
Let k(h) = 27*h**2 + h - 1. Let d be k(3). Suppose -5*t + d = -0*t. Let j = -21 + t. List the prime factors of j.
2, 7
Let v = -8597 - -22712. List the prime factors of v.
3, 5, 941
Suppose 124*g + 18*g - 4863031 = 482843. What are the prime factors of g?
3, 47, 89
Let u(o) = 50*o + 226. Let r(t) = 34*t + 151. Let w(x) = 8*r(x) - 5*u(x). What are the prime factors of w(14)?
2, 193
Let r(i) = -i**3 - 38*i**2 - 27*i + 5. What are the prime factors of r(-42)?
5, 11, 149
Let d be (-126)/(1 - 7) - -3. What are the prime factors of -1*((-2720)/d - 1/(-3))?
113
Let u = 503 + -144. Let d = u + 198. What are the prime factors of d?
557
Let n(s) = 8*s**2 + 40*s + 728. What are the prime factors of n(-33)?
2, 5, 7, 29
Suppose 5*y + 128 = -4*m - 23, -2*m - 2*y - 76 = 0. Let h be 7/(273/(-6)) + (-2034)/m. Let f = h + 9. List the prime factors of f.
61
Suppose -12*w + 74316 + 5632 = -24668. List the prime factors of w.
2, 3, 1453
Let t = -58110 - -122962. What are the prime factors of t?
2, 31, 523
Let m = 155 + 182. Let o = 196 + m. List the prime factors of o.
13, 41
Suppose -2*a - 10396 = -25*a. Let o be (4/(-6))/(4/(-18)). Suppose 4*l + 2*t - a = 0, 0 = -o*l + t + 176 + 153. List the prime factors of l.
3, 37
Suppose 9700 = -30*s + 40*s. Suppose -s = -4*o + 702. What are the prime factors of o?
2, 11, 19
Let r(v) = v**3 + 14*v**2 - 17*v - 32. Let j be r(-15). Let y(f) = -f**3 - f**2 + 4*f. Let t be y(j). What are the prime factors of t - -20*1 - 5?
11
Let p(d) = -62*d - d**2 + 28*d + 32*d - d**3. Let g be p(-3). Let l = 246 - g. What are the prime factors of l?
2, 3, 37
Let x = 19528 - -52223. List the prime factors of x.
3, 23917
Let b = -35 - -56. Let g(o) = 2*o**2 + b*o + 14 - 4 - 9*o. What are the prime factors of g(-6)?
2, 5
Suppose 46*f - 45*f - 434 = -d, 0 = -4*d - f + 1727. What are the prime factors of d?
431
Let s(c) = -16*c**2 - 6*c - 16. Let q be s(-4). Let z = 499 + q. List the prime factors of z.
251
Suppose -15*o - 14353 = -4003. Let y = o + 1119. What are the prime factors of y?
3, 11, 13
Suppose -58*g + 57*g - 436 = 0. Let v = -235 - g. What are the prime factors of v?
3, 67
Suppose -495*v + s = -496*v + 6907, v - 6872 = 4*s. What are the prime factors of v?
2, 3, 5, 23
Let o = 63760 + -20925. List the prime factors of o.
5, 13, 659
Let g(q) = -14*q - 21. Let y be g(-4). What are the prime factors of (4 - (-18 + 1))/(5/y)?
3, 7
Let p = 115 - 58. Let y = p - 54. Suppose 3*x - 5*f = 2*x + 81, y*x = -3*f + 189. What are the prime factors of x?
2, 3, 11
Let f(k) = 18*k - 14. Let u be f(2). Suppose u*v = 25*v - 15. What are the prime factors of 21*(v/(-15))/(2/(-10))?
5, 7
Let r(n) = 10 + 3 - 7 + 3 + n. Let d be r(-16). List the prime factors of (-8 + d)*(-1 - 0).
3, 5
Suppose 28967482 - 9522342 = 220*f. What are the prime factors of f?
13, 523
Suppose 0 = -5*k + 2*p - 12618, -5*k + 3*p - 8*p = 12625. Let d = k + 3751. List the prime factors of d.
3, 409
Suppose -2 = -z + 6. Suppose 0 = -z*q + 21*q - 2990. What are the prime factors of q?
2, 5, 23
Let q(s) be the third derivative of s**5/60 - 5*s**4/24 + 3*s**3/2 - 18*s**2. Let a be q(5). Let u(h) = 14*h + 5. What are the prime factors of u(a)?
131
Let q be 1161/405 - (-2)/15. Let m(v) = -18*v**2 + 10*v**3 + 15*v**q + 16*v - 26*v**3 - 23. What are the prime factors of m(-19)?
2, 17
Let d(l) = -15*l - 37. Let g be d(-20). Let n(m) = -m**3 - 9*m**2 - 7*m + 8. Let t be n(-8). List the prime factors of t + 12/(-20) - g/(-5).
2, 13
List the prime factors of ((-534)/(-5))/(15*12/900).
2, 3, 89
Let v(a) = -346*a**3 - a**2 - 2*a - 1. Let z be v(-1). Suppose x - 121 - z = -4*t, -2*t - x + 235 = 0. List the prime factors of t.
2, 29
Let u(k) = 2*k**2 - 16*k + 25. Let t be u(8). Let w(o) = 9*o. Let r be w(-2). Let h = t - r. What are the prime factors of h?
43
Suppose 2*w - 2 = 0, -2*w + 4*w = -5*s - 213. Let h = s - -74. Suppose 155 = 4*a + h. What are the prime factors of a?
31
Let o = 33157 + -14590. What are the prime factors of o?
3, 2063
Let p = -167 - -166. What are the prime factors of ((4 - 25) + p)*18/(-4)?
3, 11
List the prime factors of 1 + (-12)/(-9)*4182.
3, 11, 13
Let s(z) = 11*z**3 + 176*z**2 + 8*z + 29. What are the prime factors of s(-13)?
2, 3, 7, 131
Let z(x) = x**3 - 26*x**2 + 33*x + 64. Let d be z(26). Suppose 0 = 5*q + 4*g - 2335, 9*q - d = 7*q - 4*g. List the prime factors of q.
3, 157
Let o = 412 + -412. Let m = 4 - 1. Suppose o = 4*c - m*j - 92, -115 = -5*c - j - j. List the prime factors of c.
23
Let r(k) = -15*k**3 - 2*k**2 - 3. Let l be r(-2). Let o = l + 41. Let q = -56 + o. List the prime factors of q.
2, 47
Let k be (-6)/(-3) - (-5 - -3). Suppose 0 = -2*g + g + k*q + 176, -614 = -4*g - 2*q. What are the prime factors of g?
2, 3, 13
Suppose -54 = p - 126. Suppose 5*x - 8*h = -9*h + 133, -2*h = -3*x + p. What are the prime factors of x?
2, 13
Suppose -16*q + 21*q - 15 = 0. Suppose -q*i - 6*i + 1107 = 0. What are the prime factors of i?
3, 41
Let y be (-4 + (-16)/(-4))/(-2). List the prime factors of y 